 1 - -13. Let u(t) = 2*t**3 - 2*t**2 - 2*t + 1. What is the remainder when b is divided by u(2)?
4
Let y = -23 - -80. Suppose y - 152 = -5*q. Calculate the remainder when q is divided by 7.
5
Let d = 59 - 44. Calculate the remainder when 29 is divided by d.
14
Suppose 4*t - 131 = 117. Calculate the remainder when t is divided by (-2)/(-8) + (-126)/(-8).
14
Let d be (-5 - -2)*(-2)/(-3). What is the remainder when 7 is divided by d/(-4) + 21/6?
3
Suppose -1 = -3*b - m, 29 = 2*b - 5*m - 0. Calculate the remainder when 3 is divided by 0 + ((-5)/(-1) - b).
0
Let h(g) = 10*g + 2. Calculate the remainder when h(3) is divided by -1 - (24*1)/(-2).
10
Suppose -2*i + 2 = -5*b, i - 6*i = -5*b - 5. Suppose b = -2*f - 5*v + 73, -2*f = -5*v - 19 - 44. Calculate the remainder when f is divided by 12.
10
Suppose 0 = -6*u - 4 + 76. Let y(w) = 4 - w**3 - 6*w + w**2 - 6*w + 12*w**2. Calculate the remainder when 7 is divided by y(u).
3
Suppose -i + 3*u + 4 = 0, -3*i = 2*u - 4*u - 40. Suppose 0 = 4*s - 28 - i. Suppose 7*l = 3*l + 80. What is the remainder when l is divided by s?
9
Let k = 18 + -15. Let r(f) = 3*f - 7. Suppose 1 + 5 = 2*t. What is the remainder when t is divided by r(k)?
1
Let c(d) be the first derivative of -d**2/2 - d + 1. Calculate the remainder when 6 is divided by c(-4).
0
Suppose 5*h = -10, h = -0*r + 2*r - 26. Let z = 31 - r. Calculate the remainder when z is divided by 5.
4
Let p(w) = -w**3 - 4*w**2 - 7. Let x be p(-5). Suppose 3 = -3*h + x. Calculate the remainder when h is divided by 4.
1
Let u = 3 + 7. Let l(q) = -q. Let c be l(-2). Suppose c*x + 152 = 6*x. What is the remainder when x is divided by u?
8
Let c(i) = 10*i**3 - 2*i**2 - i + 3. Let s be c(2). Let r = s + -49. What is the remainder when r is divided by 13?
11
Let v = -6 - -18. Suppose 0*b + 10 = 4*b + 5*q, -4 = -2*b - 3*q. Suppose -5*m + 3*m + 181 = 5*y, -15 = -b*m. What is the remainder when y is divided by v?
11
Suppose 0 = 4*s - 3*h - 118 + 1, -5*s - h = -132. Calculate the remainder when 51 is divided by s.
24
What is the remainder when 11 is divided by -4*(-2)/4 - -1?
2
Let t = 10 + 60. What is the remainder when ((-4)/(-10))/1*t is divided by 3*((-5)/(-10))/((-2)/(-20))?
13
Suppose 7*u - 190 = 2*u. Calculate the remainder when u is divided by 22.
16
Suppose -6*j + 3*j + 39 = 0. Let b = j + -7. Calculate the remainder when b is divided by 2.
0
Let n(f) = 3*f - 1. Let g be n(2). Suppose -o = -2 - g. Let b = 73 + -53. Calculate the remainder when b is divided by o.
6
Let v(r) = r**2 + 4*r - 3. Calculate the remainder when 50 is divided by v(3).
14
Suppose -3*i + o = 2*i - 24, 2*i + 2*o - 12 = 0. Let p = -29 + 48. What is the remainder when p is divided by i?
4
Suppose 3*r - 153 = 2*r. Let f = r - 89. Calculate the remainder when f is divided by 22.
20
What is the remainder when 27 is divided by (-19)/(-95) + 98/10?
7
Suppose 31 = 4*x - 29. Suppose -60 - 92 = -4*l. Calculate the remainder when l is divided by x/(-2)*-2 + -2.
12
Suppose 2*k + k = 18. What is the remainder when 0 - 0 - (3 - 12) is divided by k?
3
Suppose -16*k + 1629 = 77. What is the remainder when k is divided by 25?
22
Suppose -3*l - 2*l - 5 = 0. Calculate the remainder when ((-108)/42)/(l/7) is divided by 2/(-8) + (-58)/(-8).
4
Suppose 12 = a + 3*a. Suppose -2*t + 10 = -a*t. Let f = 18 + t. What is the remainder when 15 is divided by f?
7
Suppose -4*z = -7*z + 30. Let i(m) = 5*m - 58. Calculate the remainder when i(17) is divided by z.
7
Let g(f) = -f**3 + 9*f**2 - 7*f - 3. Let i be g(8). Suppose -2*k = k - 6, 0 = -5*c + i*k + 85. Calculate the remainder when 54 is divided by c.
16
Let q(y) = y - 7. Let k be q(8). Suppose -3*a = -7 + k. What is the remainder when (-4)/(-1) - (10 - 5)/5 is divided by a?
1
Let d(i) = -i**3 + i + 71. What is the remainder when d(0) is divided by 18?
17
Let n = -2 + 56. Calculate the remainder when n is divided by 19.
16
Let c = -28 + 54. Let t(u) = -u**2 - 18*u + 20. Let p = 15 - 29. What is the remainder when t(p) is divided by c?
24
Let s be (0 - 1) + -1*2. Calculate the remainder when (-29)/s - (-2)/6 is divided by 6.
4
Suppose 3 = 4*u - 17. Calculate the remainder when u is divided by 9/4*(-16)/(-12).
2
What is the remainder when 542/14 - (-2)/7 is divided by 6?
3
Let p(v) = v**3 + 4*v**2 - 3*v + 2. What is the remainder when (-2)/(-9) + (-2899)/(-117) is divided by p(-4)?
11
Let c be 6/(3*2/6). Suppose -3*b = -c*b + 3. Calculate the remainder when 1 is divided by b.
0
Let j(s) = -s**2 + 9*s - 6. Let k(h) = h**3 + 3*h**2 - h + 4. Let n be k(-3). What is the remainder when j(n) is divided by -2*(-2)/((-4)/(-3))?
2
Suppose 4*d + 3*x - 23 = 0, 28 = 5*d - d + 4*x. Let q = 13 + -5. Suppose -5*m = -3*p + q, 2*m = 4*p - 2 - 4. What is the remainder when d is divided by p?
0
Suppose 2*d + 8 = g, -3*g - d + 38 = -0*d. What is the remainder when g is divided by (3/9)/((-2)/(-30))?
2
What is the remainder when 82 is divided by (-118)/(-8) + 6/(-8)?
12
Let y(n) = 10*n**2. Let s be y(-1). Suppose 14*z = s*z + 108. Calculate the remainder when z is divided by 10.
7
What is the remainder when 6 is divided by ((-33)/(-11))/(0 - -1)?
0
Suppose -9*g + 8*g = -20. Suppose 0 = -5*r - 11 + 46. What is the remainder when g is divided by r?
6
Suppose 0 = -4*w - 5*y + 14, -w + 5*y + 34 = 3*w. Suppose -12 - w = -2*h. What is the remainder when h is divided by 4*1/5*5?
1
Let z = 2 + -3. Let r = -20 - -29. What is the remainder when -4 - (-41 + (z - -4)) is divided by r?
7
Let u(d) = 10*d**2 - d. Suppose 12 = -3*s, 3*p + 6*s - 4*s - 16 = 0. Let q(j) = j**2 - 4*j. Calculate the remainder when q(p) is divided by u(-1).
10
Let p be (-9)/(-6)*(-124)/6. Let j = p + 67. Calculate the remainder when j is divided by 13.
10
Let q = -22 + 36. Let o = 27 - q. Let p = 18 + 19. Calculate the remainder when p is divided by o.
11
Let g = 24 - 18. Let q(z) = -z**3 - 4*z**2 - 5*z - 4. Let p be q(-3). Suppose g = p*m - 6. Calculate the remainder when m is divided by 4.
2
Let g = 10 - 6. Suppose 0 = -u + 12 + g. What is the remainder when 40 is divided by (-2 - (0 - 0)) + u?
12
Let n be -13*((0 - 1) + 0). Suppose j = -2 + n. Calculate the remainder when 52 is divided by j.
8
Suppose -5*m = -0 - 15. Suppose -9 = -3*a, 2 = -q + m*a + 25. Calculate the remainder when q is divided by 11.
10
Let m be (-2 - 1)*(-25)/15. Suppose 2*h = 4*t + 24, -m*t = -h - 0*h + 12. Calculate the remainder when 35 is divided by h.
11
Let d be (5/(-10))/((-1)/18). Suppose -3*v + 4*v - d = 0. Suppose 2*a - 3 = 49. What is the remainder when a is divided by v?
8
Let h(c) = 11*c**2 - 1. Suppose 4*w - 4 = 4*b, -4*w + 3 = b - 1. Calculate the remainder when ((-21)/28)/(w/(-36)) is divided by h(1).
7
Suppose -3*n = 21 - 24. Suppose -3*s + 7 = -2. What is the remainder when s is divided by n?
0
Let w(t) = -t**3 + 6*t**2 - 20. Calculate the remainder when 18 is divided by w(5).
3
Suppose 1 = -5*f - 5*w + 26, 4*f + 3*w = 19. Suppose -f = -4*l + 8. What is the remainder when ((-28)/l)/(1/(-3)) is divided by 10?
8
Let s(q) = q**2 - 4*q - 9. Let d be ((-16)/(-6))/(1/24). Let o = 108 - d. What is the remainder when o is divided by s(-4)?
21
Let n(d) = d - 11. Let a be n(8). Let l be (-24)/8 - a*6. Calculate the remainder when (70/l)/((-4)/(-6)) is divided by 4.
3
Suppose -k = -3, -5*o + 10 = -4*k - 48. What is the remainder when 55 is divided by o?
13
Let r(w) = w**2 + 7*w + 10. Let s be r(-6). Suppose 5*i - 2 = -5*b + 208, 5*i - s*b - 192 = 0. Calculate the remainder when i is divided by 21.
19
Suppose 8*g = -454 + 1662. What is the remainder when g is divided by 38?
37
Suppose 2*t - 58 = 5*x - 1, -3*t - 4*x + 51 = 0. Let h = -10 + t. Calculate the remainder when 21 is divided by h.
10
Suppose 154 = 3*a - 71. Let o = 33 - 14. Calculate the remainder when a is divided by o.
18
Suppose o + 7 = 10. What is the remainder when o is divided by 1?
0
Suppose -2*p = 5 + 3. Let z(b) = -8*b - 10. Calculate the remainder when z(-7) is divided by 2 - 2*(p + -3).
14
Suppose 6 = -3*f, 5*r + f + 0*f = 113. What is the remainder when 66 is divided by r?
20
Let v = -17 + 39. What is the remainder when 63 is divided by v?
19
Let z = -21 + 34. Let u = -10 + z. What is the remainder when u is divided by 3?
0
Suppose 11*x - 7*x - 16 = 0. What is the remainder when 34 is 